3207547?
7, 73, 6277
List the prime factors of 522540.
2, 3, 5, 2903
What are the prime factors of 26425126?
2, 7, 13, 145193
What are the prime factors of 3725642?
2, 31, 60091
List the prime factors of 63975.
3, 5, 853
List the prime factors of 4808137.
4808137
List the prime factors of 16226238.
2, 3, 7, 386339
What are the prime factors of 243897?
3, 81299
List the prime factors of 260873.
260873
What are the prime factors of 353849?
107, 3307
What are the prime factors of 1010731?
239, 4229
List the prime factors of 975115.
5, 195023
What are the prime factors of 708275?
5, 41, 691
List the prime factors of 31614.
2, 3, 11, 479
What are the prime factors of 2205416?
2, 275677
What are the prime factors of 355002?
2, 3, 59167
List the prime factors of 200037.
3, 131, 509
What are the prime factors of 17787?
3, 7, 11
What are the prime factors of 7233650?
2, 5, 199, 727
List the prime factors of 232738.
2, 11, 71, 149
List the prime factors of 6968853.
3, 774317
List the prime factors of 6334083.
3, 7, 53, 271
List the prime factors of 4970717.
41, 2957
List the prime factors of 269477.
13, 19, 1091
List the prime factors of 884613.
3, 149, 1979
What are the prime factors of 166803?
3, 7, 13, 47
What are the prime factors of 6819818?
2, 241, 14149
What are the prime factors of 4866967?
7, 695281
List the prime factors of 1980893.
599, 3307
List the prime factors of 45974.
2, 127, 181
What are the prime factors of 207666?
2, 3, 83, 139
What are the prime factors of 9209009?
43, 214163
List the prime factors of 1083782.
2, 7, 11059
What are the prime factors of 5310?
2, 3, 5, 59
List the prime factors of 171281.
11, 23, 677
What are the prime factors of 26204752?
2, 7, 17, 13763
What are the prime factors of 583148?
2, 19, 7673
List the prime factors of 2005464.
2, 3, 83561
List the prime factors of 62444.
2, 67, 233
List the prime factors of 16555888.
2, 61, 16963
What are the prime factors of 2181479?
89, 127, 193
List the prime factors of 17949612.
2, 3, 467, 3203
What are the prime factors of 359280?
2, 3, 5, 499
List the prime factors of 8858351.
19, 131, 3559
List the prime factors of 101405.
5, 17, 1193
List the prime factors of 1853560.
2, 5, 149, 311
What are the prime factors of 1969795?
5, 151, 2609
What are the prime factors of 4273598?
2, 7, 31, 43, 229
List the prime factors of 9388037.
373, 25169
List the prime factors of 1091024.
2, 11, 6199
List the prime factors of 17635003.
67, 263209
What are the prime factors of 2384164?
2, 577, 1033
What are the prime factors of 95055?
3, 5, 6337
List the prime factors of 385395.
3, 5, 25693
List the prime factors of 2396954.
2, 7, 313, 547
What are the prime factors of 1887734?
2, 179, 5273
List the prime factors of 1223131.
7, 13, 13441
List the prime factors of 5619992.
2, 7, 100357
List the prime factors of 5927192.
2, 23, 32213
List the prime factors of 7743379.
7, 1106197
List the prime factors of 464222.
2, 11, 21101
List the prime factors of 2236326.
2, 3, 67, 5563
What are the prime factors of 613138?
2, 113, 2713
List the prime factors of 583380.
2, 3, 5, 7, 463
What are the prime factors of 162413?
162413
What are the prime factors of 202775?
5, 8111
List the prime factors of 295498.
2, 7, 21107
What are the prime factors of 1056373?
1056373
What are the prime factors of 654467?
11, 59497
List the prime factors of 5212583.
5212583
List the prime factors of 1327296.
2, 3, 31, 223
List the prime factors of 622172.
2, 109, 1427
What are the prime factors of 20484959?
11, 61, 30529
What are the prime factors of 30672926?
2, 37, 457, 907
List the prime factors of 2250680.
2, 5, 56267
List the prime factors of 490151.
490151
What are the prime factors of 7422121?
7, 1060303
What are the prime factors of 146419?
7, 13, 1609
List the prime factors of 5346020.
2, 5, 267301
What are the prime factors of 3869935?
5, 773987
List the prime factors of 222108.
2, 3, 83, 223
List the prime factors of 2501766.
2, 3, 15443
List the prime factors of 210487.
210487
What are the prime factors of 14688710?
2, 5, 19, 97, 797
What are the prime factors of 5580620?
2, 5, 31, 9001
List the prime factors of 1645980.
2, 3, 5, 7, 3919
List the prime factors of 90007.
90007
What are the prime factors of 17390671?
997, 17443
What are the prime factors of 204339?
3, 68113
What are the prime factors of 3759801?
3, 227, 5521
List the prime factors of 10426034.
2, 179, 29123
List the prime factors of 1032040.
2, 5, 25801
List the prime factors of 103285.
5, 7, 13, 227
List the prime factors of 7232604.
2, 3, 602717
What are the prime factors of 274281?
3, 7, 37, 353
What are the prime factors of 103998?
2, 3, 17333
What are the prime factors of 41033?
37, 1109
List the prime factors of 14340047.
73, 196439
List the prime factors of 18195599.
23, 113, 7001
What are the prime factors of 285336?
2, 3, 1321
List the prime factors of 6620271.
3, 7, 315251
What are the prime factors of 18246012?
2, 3, 1520501
List the prime factors of 120541.
149, 809
List the prime factors of 13564538.
2, 13, 17, 30689
List the prime factors of 3662560.
2, 5, 11, 2081
List the prime factors of 5522913.
3, 11, 55787
List the prime factors of 189956.
2, 13, 281
List the prime factors of 4009929.
3, 7, 11, 17359
List the prime factors of 182374.
2, 67, 1361
What are the prime factors of 216787?
216787
What are the prime factors of 1738826?
2, 869413
What are the prime factors of 5018184?
2, 3, 69697
List the prime factors of 3401228.
2, 19, 44753
What are the prime factors of 10418510?
2, 5, 41, 25411
What are the prime factors of 483225?
3, 5, 17, 379
What are the prime factors of 929527?
929527
What are the prime factors of 1552266?
2, 3, 83, 1039
List the prime factors of 19712050.
2, 5, 394241
List the prime factors of 3840523.
3840523
What are the prime factors of 959433?
3, 319811
What are the prime factors of 4703455?
5, 940691
What are the prime factors of 18281240?
2, 5, 269, 1699
List the prime factors of 9514914.
2, 3, 1585819
What are the prime factors of 2196832?
2, 11, 79
What are the prime factors of 21155?
5, 4231
What are the prime factors of 5457928?
2, 7, 97463
List the prime factors of 2013938.
2, 1006969
What are the prime factors of 60577?
11, 5507
List the prime factors of 1860302.
2, 107, 8693
List the prime factors of 1069836.
2, 3, 89153
What are the prime factors of 2264571?
3, 83873
List the prime factors of 29815229.
17, 37, 107, 443
What are the prime factors of 147240?
2, 3, 5, 409
List the prime factors of 885939.
3, 295313
What are the prime factors of 1194506?
2, 597253
What are the prime factors of 535237?
535237
List the prime factors of 98747.
11, 47, 191
What are the prime factors of 472163?
472163
List the prime factors of 1108041.
3, 11, 33577
What are the prime factors of 13132583?
13132583
What are the prime factors of 317987?
317987
List the prime factors of 1133827.
1133827
List the prime factors of 5905926.
2, 3, 13, 47, 179
What are the prime factors of 15298053?
3, 113, 45127
What are the prime factors of 308789?
13, 23753
What are the prime factors of 761734?
2, 380867
What are the prime factors of 1580329?
67, 103, 229
List the prime factors of 13828208.
2, 17, 50839
What are the prime factors of 143183?
131, 1093
What are the prime factors of 1730716?
2, 13, 83, 401
List the prime factors of 4507124.
2, 1126781
List the prime factors of 10293529.
10293529
List the prime factors of 2746805.
5, 317, 1733
What are the prime factors of 45526?
2, 13, 17, 103
List the prime factors of 193109.
7, 563
What are the prime factors of 6014102?
2, 337, 8923
List the prime factors of 256845.
3, 5, 17123
List the prime factors of 4787741.
7, 199, 491
What are the prime factors of 620791?
43, 14437
List the prime factors of 11757333.
3, 7, 19, 79, 373
List the prime factors of 8744347.
23, 380189
What are the prime factors of 8786206?
2, 11, 13, 31, 991
List the prime factors of 3055165.
5, 611033
What are the prime factors of 7618205?
5, 7, 307, 709
What are the prime factors of 8597264?
2, 13, 41333
List the prime factors of 6764105.
5, 29, 46649
List the prime factors of 6524912.
2, 407807
What are the prime factors of 935087?
41, 22807
What are the prime factors of 144485?
5, 11, 37, 71
What a